is 128 - ((1614 - 1575) + (12 - 1))?
78
What is the value of -76 - (-15 - 17 - 11)?
-33
Calculate 76 + -27 + -6 + (-2 - -7) + -11 + 3.
40
Evaluate -1 + (-27 - 1) + 15 + -13 + -6.
-33
131 + -119 - (0 - -4)
8
137 + -48 + 9 + 12
110
What is the value of -87 - (136 + (-390 - -117))?
50
(-44 - (-27 + 20)) + 3
-34
What is the value of 51 - (26 - 37 - (-8 + (1 - 0)) - 1)?
56
Calculate -2 - -5 - ((-1 - -14) + -86 - (7 - 0)).
83
Evaluate -48 - (-1 + -1) - (-83 - -94 - (7 - -6)).
-44
Calculate ((-8 - (-37 + 12)) + -9 - (1 - 4)) + -79.
-68
(-13 - (9 + -11)) + ((8 - -1) + -1 - 12)
-15
Calculate 1 + (-11 + 19 - 9 - 12) + -50.
-62
What is the value of (17 - -37) + (20 - 19) + -3?
52
What is 10 - (-9 + -23 + 0 + 9)?
33
What is the value of 3 + (31 - (172 - 25) - -29)?
-84
What is (-1 - (2 - -11)) + (134 - 372) + 295?
43
150 + -168 - (-34 - 0)
16
Calculate -91 - (-1481 + 1489 - (8 + 0 + -2)).
-93
-926 + 1020 + (8 - (4 + -5))
103
What is the value of -13 + (-24 - -32 - -2) - 21?
-24
Evaluate (-3 - 149) + (6523 - 6475).
-104
Calculate 17 - (-71 + 38) - 56.
-6
What is the value of -7 + -55 + 32 - -28 - ((13 - 3) + 2)?
-14
(15 - -35 - 41) + -32
-23
-76 - -35 - (-24 - -23)
-40
Evaluate (8 - (-15 - -23)) + (1 - 92) - (7 + 1).
-99
What is the value of (2 - (-23 - -63)) + 23 + (3 - -147) + -3?
132
What is the value of -3 + (3 - 4) + (-2 - (92 + -46))?
-52
Calculate (-7 + -7 - -1 - -11) + -58 - 1.
-61
What is -25 + -33 - -16 - -26 - (14 - 1)?
-29
Evaluate (-1 - 2) + (63 - (-47 + 105)) - (1 + 0).
1
Calculate (-8 + 23 - 7) + -21 + -18.
-31
Evaluate (1 + 2 - 45) + (27 + 4 - 42) + -8.
-61
What is the value of -5 + -106 - (-68 + 18)?
-61
What is the value of 8 - 25 - ((109 - 105) + (-14 - -1))?
-8
Calculate -8 - 1 - (89 - 112) - (-7 - -3).
18
Calculate (2 - 1 - -118) + 1193 + -1235.
77
Calculate 44 + (-19 - (63 - 37)).
-1
-78 - (-53 + -36 - -53)
-42
What is 137 - -3 - ((28 - (27 + -10)) + (-11 - -8))?
132
What is the value of 99 + 2 + 0 + (-182 - (-27 + -152))?
98
Evaluate 1 - (0 - (-1 + 2) - (-178 - -171)) - -20.
15
Evaluate 39 - (6 + -16) - (124 - 108).
33
What is 2 + (4 - (-4 + 18)) + (83 - -38)?
113
Calculate 5 - ((1 - 4) + 24) - -76.
60
What is the value of -2 + 3 - ((6 - 20) + -14 + 0)?
29
What is -40 - (137 + -28 - 167)?
18
Evaluate 13 - (26 - ((13 - 7) + -1)).
-8
What is the value of -1 - 85 - ((29 - 182) + 124)?
-57
What is (58 - -33 - -4) + -17 - 36?
42
Calculate 3 + (12 - 14) + (2 - (-3 - -9)) - -5.
2
What is the value of -1 - -8 - (25 + (-30 - -2) + 55)?
-45
What is -56 - (55 + -74 + -95)?
58
Evaluate (4 - (16 - 2)) + 4 + (51 - (-2 - 7)).
54
What is (-36 + 29 - -19) + (3 + -2 - -50) - -9?
72
What is -6 - (-3 - 10 - (-8 + (-43 - -20)))?
-24
What is the value of -269 - (-23 + -244) - (-64 + 2 + -4 + 1)?
63
What is 11 - 45 - (190 - 259)?
35
Evaluate -107 - ((43 - -5) + -25).
-130
What is the value of 2 - 5 - (-3 + 4 - 7) - (-1316 - -1303)?
16
-65 + (41 - 39) - ((-3 - -3) + -16)
-47
What is the value of (35 - 37) + -41 + -3 + (-9 - -11)?
-44
Calculate 3604 + -3661 + 47 + -1.
-11
What is the value of (-1 - (-1 + 4)) + (36 - 71 - -12) + -36?
-63
What is 30 + 19 + -94 - -71?
26
Calculate 31 - (-8 + -5 - (-10 + -2)) - -8.
40
Evaluate -19 - (155 + -147 + -9 + -2).
-16
What is -54 + (-63 - -201) + -81?
3
What is 48 - 1 - (26 - 3 - (-4 + (-70 - -108)))?
58
-32 + 76 + (22 - 88)
-22
What is (36 + -20 - (2 + 1 + -2)) + -132 + 45?
-72
2 + (16 + -5 + -11 - (10 - 12))
4
What is the value of -6 + -2 - 0 - (265 - 259)?
-14
What is the value of 7 - (-1 - -41) - (27 + -2)?
-58
(-32 - -12) + 6 - ((13 - -79) + -3) - -6
-97
What is (21 - 128 - -121) + -112?
-98
What is ((-12 - -24) + 5 - 40 - -5) + 57?
39
-94 - (11 + (-11 - (11 + -33) - 25))
-91
-16 + 19 + 2 + 9 + 4
18
Calculate -38 + (-48 - -42) + (-2 - (2 + -3)) - -2.
-43
What is (9 + -34 - -22) + -28?
-31
Evaluate 8 - (1 + -24 + 2) - (-37 - -33).
33
What is 488 + -485 + (-32 - -3 - -3)?
-23
What is the value of -14 - (20 + -40) - -38?
44
Evaluate (1593 - 1625 - (-1 - 85)) + 25.
79
Calculate 31 + 8 - (30 + (14 - 47)).
42
What is 38 + 31 + (-7 - (48 + -31))?
45
What is the value of 5 - (10 + 11 + -26 - (6 - -4)) - -5?
25
What is the value of -8 + (14 + (-13 - -16) - 16) + -6 + -133?
-146
-14 + 2 + -15 + -33 + 65
5
Calculate 10 + (-37 + (-17 - -37) + 21 - (0 - -5)).
9
Calculate -7 + 3 + -5 + (6 - -21).
18
What is (-25 + 23 - -23) + -3 - -12?
30
Calculate 33 + 44 + -13 + 8 + -8.
64
-4 + (-22 - -2) - (-20 - (-16 - (10 + -12)))
-18
What is -52 + 156 + -147 + 73?
30
Calculate -23 + 5 + 0 + 15 + (-40 - -97).
54
What is 20 + (22 - -12 - (23 - 3)) - -10?
44
Evaluate 4 + 4 - -66 - -34.
108
What is the value of -4 - 21 - (-79 - -67) - -72?
59
Evaluate (63 - 1) + (-31 - -77) + -63.
45
What is the value of (-20 - (-25 + 16) - -7 - 34) + 5?
-33
What is the value of 32 - (89 + (9 - 54))?
-12
67 + 19 + 47 - 90
43
Calculate (914 - 887) + -2 + 16 + -34.
7
What is the value of 0 + 3 + -38 - (-855 + 836)?
-16
What is -6 - ((-1 - 1) + (-58 - -14) + 51)?
-11
12 - -11 - (9 + (-39 - -94))
-41
What is the value of 118 + (68 - 58) - (8 - 5)?
125
(1 - (-17 + 3 + -2) - 103) + -5 + 13
-78
68 + 3 + -1 + -3 + -2506 + 2497
58
What is the value of -93 - -99 - (4 - -73)?
-71
Calculate (33 - -6 - 42) + -15 + (-1 - -105).
86
What is -65 - -4 - 52 - -41?
-72
Calculate (-1 - -13) + (-1632 - -1665).
45
Calculate (14 - (1 - -3)) + -1706 + 1689.
-7
Calculate (33 - (16 - (-45 - -42))) + 55.
69
Evaluate 230 + -180 - 69 - (41 + 1).
-61
What is 27 - 34 - (5 - (25 - 10))?
3
What is the value of -1 - ((-20 - 0) + 39 + -33 - (2 - 131))?
-116
-21 + (13 - -36) + -13 + 80
95
(17 - -28 - 28) + 14 + -41
-10
34 + -6 + 2 + -1437 + 1467
60
53 + (-6 - ((14 - 7 - 3 - -4) + -8))
47
10 - (8 - (-45 + 19 + 121 + 1 + -14))
84
Calculate -14 - ((14 - 24) + 6) - (2 - -40).
-52
6136 + -6363 + (2 - -141)
-84
-1 + 136 + -2 + -49 + 1275 + -1238
121
What is -17 + (-22 + 19 - (-4 - (98 + 1)))?
83
0 - (1 + 0 - ((0 - -23) + -10) - -13)
-1
What is 0 + 2 + 4 - (17 - 29 - -25 - -3)?
-10
Calculate 50 + (-71 - (65 - 53)).
-33
-30 + ((-33 - 1) + 28 - 50)
-86
What is the value of 4 - (-8 - (-5 + 15 + (-5 - (-6 + 12))))?
11
What is -525 - -523 - (0 + (3 - -6))?
-11
What is the value of -21 + -34 + (-22 - -39)?
-38
Evaluate (6 - 9 - (-2 - -42)) + (-4 + 3 - 6).
-50
(6 + (-3 - -1) + -9 - (49 + -56)) + 8
10
What is (-46 - 58) + 95 - (-4 - (2 - (-3 + 3)))?
-3
(29 + 28 + 3 - 39) + 17
38
42 - (16 + 20) - ((2 - -3) + 0 + 47)
-46
Calculate 2 + 0 - (-71 + (-56 - -67)).
62
-10 - 4 - -12 - (-19 + (1 - 9))
25
Calculate 116 - ((9 - (3 - 3)) + 7 + 5 + -9).
104
What is (-115 - -80) + (0 + 5 - (1 - 3) - 5)?
-33
Calculate (12 + -2 + -23 - -26) + (10 - -7).
30
(-8 - (-10 + 28)) + 50 + -8
16
Calculate -24 - ((34 - 188) + 82).
48
Calculate (1231 - 1258 - (-1 - 67)) + -17.
24
What is (2 + (0 - 8 - -22) - 20) + -56?
-60
What is the value of 66 - (50 + (3 - 16))?
29
2 + -23 + 37 - -13 - 0
29
What is the value of (-46 - (-27 + 81)) + -53?
-153
(0 - 13) + 125 + -213 + 169
68
What is the value of (8 - (11 - 7 - -3)) + (116 - 77)?
40
What is the value of -1 - (-123 - -53) - (-9 - (2 - 1 - 0))?
79
Calculate -24 - 23 - (-30 + 28 + -12).
-33
What is the value of (-9 - (1 + (-5 - -3))) + (-4101 - -4151)?
42
Calculate (-39 - -45) + (-21 - (8 - 16)).
-7
Evaluate 4 + -70 - (1820 + -1869).
-17
What is the value of 45 - (41 - -68) - -46?
-18
What is (1 - 108) + 59 - ((-5 - -2) + 5 + 0)?
-50
What is -9 - (7 + 47 + (66 - 23))?
-106
What is -11 - (3 - 5) - (5 - 0) - (164 + -260)?
82
(47 - (-54 + 76)) + 21
46
What is -31 + (-17 + -34 - -75)?
-7
What is the value of -49 + 69 + -41 + (-1 - -11) + -5?
-16
51 + 97 + -144 - (0 + 1)
3
What is (-4 - -23) + (248 - 265)?
2
Calculate 53 + 26 + -14 + -5 + (27 - 28).
59
What is 77 + -8 + (36 + -21 - (6 - 10))?
88
9 - (2 + -12 + (60 - (-19 + 22)))
-38
What is the value of -3 + -77 + 90 + -4 + 0?
6
Evaluate -3167 + 3106 + 19 + 3 + -5 + 3.
-41
-2 + -1 - 8 - ((-114 - -156) + -164)
111
What is -7 + (4 - -3 - (0 - -1)) + (-70 - -144)?
73
What is the value of 63 + 2 + -11 + 7 + -11 + 23?
73
139 - ((-34 - -39) + 86)
48
(6 + -7 + -1 - 5 - 27) + -12
-46
What is the value of 3 + 32 + 43 + -63?
15
Evaluate (-49 - (29 + -90)) + 32.
44
What is the value of (-17776 - -17699) + (-1 - 40)?
-118
Calculate 56 + (-9 + (7 - (-13 -